me factors of t.
2, 5501
Let k(t) = -t**3 - 12*t**2 - t + 2. Let s(m) = -m**2 + m. Let u(r) = -k(r) + 6*s(r). Let z be u(-4). Suppose 26 = z*d - 496. What are the prime factors of d?
3, 29
Let p(j) be the second derivative of -j**5/20 - 5*j**4/4 - 10*j**3/3 - 9*j**2/2 - 2*j. Let k be ((-1)/(3/(-4)))/((-330)/3465). List the prime factors of p(k).
3, 5
Suppose -31 = -5*s - 5*o + 7*o, -3*s - 3*o = -6. Suppose 0 = 4*r - s*m - 1878, -4*m + 588 = -3*r + 1996. What are the prime factors of r?
2, 59
Suppose -4*h - 5*x = -1180 - 1800, 5*h - 5*x = 3770. What are the prime factors of h?
2, 3, 5
Let o(l) = l**2 + 18*l - 25. Let y be o(-20). Let f(n) = n**3 - 15*n**2 + 10*n + 26. Let m be f(y). Suppose -25*z = -23*z - m. What are the prime factors of z?
2, 11
Suppose 27*z + 43568 = 108422. Let a = z + -1579. What are the prime factors of a?
823
Let n(k) = 3 + 11*k**2 - 7 - 490*k + 482*k. What are the prime factors of n(-5)?
311
Suppose -5*q + 3*q = -684. Suppose -372*c = -435*c - 8694. Let j = c + q. List the prime factors of j.
2, 3, 17
Let g = -43 + 201. Suppose 160*a - 6 = g*a. Suppose -z - 4*y = a*z - 672, 174 = z - 2*y. What are the prime factors of z?
2, 5, 17
Let y = 27 + -25. Let g be y/((21/72)/7). Let o = g - 27. List the prime factors of o.
3, 7
Suppose -9 - 3 = 5*n - 3*i, 2*n = 2*i - 8. Suppose 1158 = 18*h - 15*h + 3*r, 3*h + r - 1166 = n. What are the prime factors of h?
2, 3, 5, 13
Suppose -5*g + 89 = 3*r, 2*g + r - 22 = 14. Let d = -22 + g. What are the prime factors of ((-1)/d)/(389/(-195) + 2)?
5, 13
Let b(h) = 925*h + 782. List the prime factors of b(9).
7, 1301
Let z = -26 - -31. Let b be (-1)/z + 240/(-50). Let c = 54 - b. List the prime factors of c.
59
Let i(f) be the third derivative of -f**5/60 - 7*f**4/3 - 173*f**3/6 - 27*f**2 + 1. What are the prime factors of i(-29)?
2, 5, 61
Suppose -u + 9*s = 14*s - 3180, 9582 = 3*u + s. Suppose 273*g - u = 268*g. What are the prime factors of g?
3, 71
Let c(k) = 5*k**3 + 15*k - 19. Let i(h) = -4*h**3 - h**2 - 16*h + 18. Let v(f) = 5*c(f) + 6*i(f). Let m = -29 - -39. What are the prime factors of v(m)?
7, 29
Suppose 5*a = -2 - 3, 0 = 5*x - 4*a - 14. Suppose x*q - 111 = 805. List the prime factors of q.
2, 229
Let b(j) = -j**3 - 5*j**2 + 16*j + 5. Let s be b(-7). Let d be (-5946)/s + 2/(-3). Suppose 3*u + d = 9*u. What are the prime factors of u?
2, 5, 11
Let v = 545 + -373. Suppose 3*s - 210 + 600 = 3*f, -518 = -4*f + 3*s. Suppose -f = -3*h + v. List the prime factors of h.
2, 5
Let t be (4/7)/(42/147). Let u be 8/20 - 1976/(-10). Suppose 2*i + m = 5*i - 284, -5*m = -t*i + u. What are the prime factors of i?
2, 47
Let a(c) = 56*c + 10. Let p be (-110)/4*(2 - 4). Let f = 57 - p. What are the prime factors of a(f)?
2, 61
Let l = -194 - -221. Let d(c) = 6*c - 107. List the prime factors of d(l).
5, 11
Let s = -25 + 27. Suppose -127 + 43 = -s*m. Let h = 70 - m. List the prime factors of h.
2, 7
Let y(j) = -138*j - 68. Let o be -2 + 2 + 19 + -24. What are the prime factors of y(o)?
2, 311
What are the prime factors of 3758*(8*6/72)/(4/51)?
17, 1879
Let y = 13812 + -6704. What are the prime factors of y?
2, 1777
Let a(x) be the first derivative of -6*x**2 + 10*x + 27. Let b be a(-7). Let t = b + 51. List the prime factors of t.
5, 29
Let w(y) = 10*y**3 - 3*y**2 + 37*y - 61. What are the prime factors of w(6)?
2213
Suppose -9*v + 10*v - 30236 = -3*t, t - 3*t = 0. List the prime factors of v.
2, 7559
Suppose -681767 = -65*d - 78567. What are the prime factors of d?
2, 5, 29
Let s = 1217 - 636. Let n = s - 204. What are the prime factors of n?
13, 29
Let x(z) = z**2 - 19*z + 20. Let r be x(18). Suppose -7*m + 6*m + r = 0. Suppose 0 = 5*a - g - 751, m*g - 748 = -6*a + a. What are the prime factors of a?
2, 3, 5
List the prime factors of 8/(-12) + 256775/75.
3, 7, 163
What are the prime factors of 22/(440/88580) + -1*4?
3, 5, 59
Let r = 376 + 914. What are the prime factors of r?
2, 3, 5, 43
Suppose -2*f + 20 = -2*a + 28, 0 = 5*f. Suppose -a*k - 3*z + 5166 = -k, 10 = -5*z. List the prime factors of k.
2, 431
Let o(s) = -14925*s + 4920. What are the prime factors of o(-3)?
3, 5, 3313
Let n = -239 + 36225. What are the prime factors of n?
2, 19, 947
Suppose 5*d - 7736 = d. Suppose 0 = -68*s + 11*s. List the prime factors of d/14 - ((-2)/(-14) + s).
2, 3, 23
Suppose 10*s + 11*s - 14*s - 11865 = 0. What are the prime factors of s?
3, 5, 113
Let d(r) = -111*r**2 + 7*r - 6. Let u be d(4). Let s be u/6 + ((-2)/(-6) - 0). Let n = s - -523. What are the prime factors of n?
3, 7, 11
Let k(m) = -2*m - 36. Let b be k(-19). List the prime factors of -11*(b + 4/((-12)/81)).
5, 11
Suppose -11*k + 296 = -15*k. Let y = k + 78. Suppose -y*p = 526 - 1562. List the prime factors of p.
7, 37
Suppose -164 = 28*n - 52. What are the prime factors of (6 + -7)*n/(-4) - -459?
2, 229
Let k(c) = c - 13. Let a be k(20). Let v be -5*a*2/(-5). What are the prime factors of v/28 - 654/(-4)?
2, 41
Let k(q) = 6*q**2 - 38*q - 25. Let w(s) = -9*s**2 + 57*s + 37. Let x(t) = 8*k(t) + 5*w(t). List the prime factors of x(-8).
7, 47
Let a = -291 - -417. List the prime factors of (a/(-6) - -4)*-7.
7, 17
Let t(d) = 10*d - 2. Let k(w) = -11*w + 2. Let o(h) = 4*k(h) + 5*t(h). Let u be o(1). Suppose -44 = -l + x, -91 - 48 = -3*l - u*x. List the prime factors of l.
3, 5
Suppose 0 = -s - 5*h + 1053, 0 = -28*s + 32*s + 5*h - 4182. List the prime factors of s.
7, 149
Let c = -10349 - -19828. What are the prime factors of c?
9479
Suppose -x + a + 730 = 0, -2*x = 622*a - 626*a - 1464. List the prime factors of x.
2, 7, 13
Let j = -38 - -53. Let x be 81/j + (-4)/10. Suppose 0 = x*d - d - 128. What are the prime factors of d?
2
Let b be (-336)/(-2) + (-3 - -1). Suppose -12*a = -3*w - 10*a - 8, -3*a + 12 = 0. Suppose 4*j + 8 = w, -4*p + 0*p + b = -5*j. What are the prime factors of p?
3, 13
Let z(j) = -3*j + 167. Let c = 28 + -27. Let s be (0/(-2))/((-1)/c + 3). What are the prime factors of z(s)?
167
Let g(m) = m**2 + m. Let s(j) = 16*j**2 + 8*j - 6. Let q(d) = -3*g(d) + s(d). Let k be q(5). Suppose 0 = -3*u - u + k. What are the prime factors of u?
2, 43
Let p be 14/(-8) - 1046/(-8). Suppose -c + 21 + 27 = 0. Suppose 3*j = p + c. List the prime factors of j.
59
Let g = -232 + 22. Let w = g + 43. Let u = 321 + w. What are the prime factors of u?
2, 7, 11
Let r(v) = -v**2 - 2*v + 6. Let l be r(-3). Suppose -54 = -4*q - 5*b, -5*q - l*b - 2*b = -65. Suppose -q*s + 444 = -579. What are the prime factors of s?
3, 31
Let p = 3877 - 2117. Let z = p + -1030. What are the prime factors of z?
2, 5, 73
Let c = -672 - -674. What are the prime factors of 2*419/c*1?
419
Let o = 254 + -236. What are the prime factors of ((o/(-4))/3)/((-51)/24412)?
2, 359
Suppose 5*r = 43900 + 22010. List the prime factors of r/24 + -1 - (-15)/20.
3, 61
Let k(r) = r**3 - 8*r**2 - 11*r + 21. Let g be k(9). Let u be 7/2 + g/(-2). List the prime factors of 1 - (-3 - u) - -1.
7
Let z(l) = 3*l**2 - 2*l - 3. Let r be z(2). Suppose 0 = 5*n + 37*y - 41*y - 8519, -6807 = -4*n - r*y. List the prime factors of n.
13, 131
Let j(o) = -o**3 + 8*o**2 + 21*o - 8. Let n be j(10). Suppose -b + 867 = n*z - 0*z, 0 = -3*z - 3*b + 1305. List the prime factors of z.
2, 3
Suppose 0 = -4*g - 2*t + 2412 + 178, 4*g = -t + 2587. Let n = g + -407. List the prime factors of n.
239
Let a be (-1)/(-6) - 4802/84. Let g be (410/3)/(19/a). Let b = 670 + g. List the prime factors of b.
2, 5, 13
Suppose 0 = 7*y - 17*y + 3220. Let m(d) = -159 + 38*d**2 - 161 - 4*d + y. List the prime factors of m(2).
2, 73
Let w(g) = -2*g**3 + 142*g**2 - 18*g - 497. List the prime factors of w(65).
49033
List the prime factors of (-578)/2601 - (-287644)/18.
2, 5, 17, 47
Let y = 37 - 153. Let a(k) = k**3 - 4*k**2 - 11*k + 7. Let w be a(4). Let n = w - y. List the prime factors of n.
79
Let u(l) = l**3 + 13*l**2 + 9*l + 9. Let b be u(-8). Suppose -4*y = c - 25, -3*y + 10 + 20 = 3*c. Suppose -b = -y*w + 23. List the prime factors of w.
2, 7
Let f(v) = -2202*v - 3456. List the prime factors of f(-8).
2, 3, 5, 59
Suppose 11380 + 892 = 4*a. List the prime factors of (-1)/3*2 + a/39.
2, 3, 13
Let p(o) = -2*o**2 + 3*o - 7. Let j be p(-4). Let a be (1 + -2)/(17/j). Suppose 2*n - 6*n + 518 = a*l, 0 = 5*l - 3*n - 844. List the prime factors of l.
2, 5